ulate the greatest common factor of 8 and 8.
8
What is the greatest common divisor of 32 and 16?
16
What is the greatest common divisor of 110 and 6215?
55
What is the greatest common divisor of 205 and 328?
41
What is the highest common factor of 57 and 627?
57
Calculate the greatest common factor of 76 and 4940.
76
Calculate the highest common factor of 19 and 3097.
19
Calculate the highest common factor of 318 and 114.
6
What is the greatest common factor of 376 and 4324?
188
What is the greatest common divisor of 275 and 11?
11
Calculate the highest common factor of 11 and 77.
11
What is the greatest common factor of 22 and 126?
2
What is the greatest common factor of 10 and 135?
5
What is the highest common divisor of 830 and 996?
166
What is the greatest common factor of 48 and 132?
12
Calculate the greatest common divisor of 66 and 1221.
33
Calculate the highest common divisor of 202 and 6.
2
Calculate the highest common factor of 76 and 2432.
76
What is the highest common factor of 336 and 12?
12
Calculate the highest common factor of 114 and 66.
6
What is the greatest common divisor of 120 and 3288?
24
What is the greatest common divisor of 815 and 20?
5
Calculate the highest common factor of 11 and 9317.
11
What is the greatest common factor of 434 and 14?
14
Calculate the highest common factor of 117 and 2079.
9
Calculate the highest common divisor of 24 and 1662.
6
What is the highest common factor of 19 and 27113?
19
Calculate the highest common divisor of 168 and 924.
84
What is the greatest common factor of 7755 and 330?
165
What is the highest common factor of 8022 and 12?
6
What is the highest common divisor of 249 and 3?
3
Calculate the greatest common divisor of 37125 and 50.
25
Calculate the greatest common factor of 927 and 9.
9
Calculate the highest common divisor of 29 and 13978.
29
Calculate the highest common divisor of 432 and 264.
24
Calculate the highest common factor of 315 and 90.
45
Calculate the greatest common factor of 20439 and 81.
27
What is the greatest common divisor of 9 and 423?
9
Calculate the highest common factor of 5488 and 24.
8
Calculate the highest common factor of 168 and 231.
21
What is the highest common divisor of 14306 and 69?
23
What is the highest common divisor of 55 and 4301?
11
Calculate the greatest common factor of 3050 and 3904.
122
Calculate the greatest common factor of 10 and 3240.
10
What is the highest common factor of 22510 and 10?
10
What is the highest common factor of 545 and 327?
109
Calculate the highest common divisor of 897 and 507.
39
Calculate the highest common divisor of 14 and 791.
7
Calculate the greatest common divisor of 581 and 21.
7
What is the greatest common divisor of 8 and 568?
8
Calculate the highest common divisor of 2056 and 16.
8
What is the greatest common divisor of 90 and 855?
45
Calculate the highest common factor of 140 and 84.
28
Calculate the greatest common factor of 4469 and 123.
41
Calculate the highest common factor of 148 and 111.
37
Calculate the greatest common divisor of 335 and 134.
67
Calculate the highest common factor of 136 and 4488.
136
Calculate the greatest common factor of 39 and 27027.
39
Calculate the highest common divisor of 690 and 276.
138
Calculate the greatest common factor of 4 and 1.
1
Calculate the highest common factor of 21 and 1407.
21
What is the greatest common divisor of 3834 and 54?
54
Calculate the greatest common factor of 528 and 112.
16
What is the greatest common divisor of 2701 and 74?
37
Calculate the greatest common factor of 41 and 131323.
41
Calculate the highest common divisor of 191 and 7067.
191
Calculate the greatest common divisor of 1881 and 247.
19
What is the greatest common divisor of 85 and 5287?
17
Calculate the greatest common divisor of 152 and 27208.
152
What is the greatest common factor of 48 and 5028?
12
What is the highest common divisor of 26 and 9061?
13
Calculate the greatest common divisor of 33 and 528.
33
What is the greatest common divisor of 189 and 175?
7
Calculate the highest common divisor of 400 and 500.
100
Calculate the greatest common divisor of 88 and 33.
11
Calculate the greatest common factor of 1740 and 180.
60
Calculate the highest common factor of 81 and 63.
9
Calculate the highest common factor of 84 and 378.
42
Calculate the greatest common factor of 1353 and 22.
11
Calculate the greatest common divisor of 91 and 208.
13
What is the highest common divisor of 119 and 7?
7
Calculate the greatest common divisor of 1001 and 77.
77
Calculate the highest common divisor of 22 and 7216.
22
Calculate the greatest common factor of 198 and 5258.
22
What is the highest common divisor of 76 and 5700?
76
Calculate the greatest common divisor of 7290 and 324.
162
Calculate the highest common divisor of 70 and 315.
35
Calculate the greatest common factor of 57 and 5225.
19
What is the highest common divisor of 606 and 6?
6
What is the highest common divisor of 574 and 14?
14
What is the greatest common factor of 5535 and 123?
123
Calculate the highest common factor of 351 and 1431.
27
Calculate the highest common factor of 5 and 1955.
5
Calculate the greatest common divisor of 44 and 3520.
44
Calculate the highest common divisor of 272 and 4284.
68
Calculate the highest common divisor of 2067 and 156.
39
What is the greatest common divisor of 32 and 160?
32
Calculate the greatest common divisor of 108 and 126.
18
What is the greatest common factor of 2619 and 776?
97
What is the highest common factor of 86 and 14018?
86
Calculate the highest common factor of 58 and 145.
29
What is the highest common divisor of 25 and 675?
25
Calculate the greatest common factor of 204 and 272.
68
Calculate the highest common factor of 66 and 286.
22
What is the greatest common divisor of 442 and 26?
26
Calculate the greatest common divisor of 48 and 136.
8
What is the greatest common factor of 39 and 1105?
13
What is the highest common factor of 190 and 2185?
95
What is the greatest common divisor of 1155 and 7161?
231
Calculate the greatest common divisor of 1240 and 140.
20
Calculate the highest common factor of 231 and 14.
7
What is the greatest common factor of 4 and 3642?
2
Calculate the highest common divisor of 36 and 36.
36
What is the highest common factor of 150 and 195?
15
Calculate the greatest common factor of 48 and 12.
12
What is the highest common factor of 6 and 3?
3
What is the highest common divisor of 774 and 86?
86
What is the greatest common divisor of 85788 and 18?
18
Calculate the greatest common divisor of 38 and 95.
19
Calculate the greatest common factor of 7 and 224.
7
Calculate the greatest common factor of 12 and 81.
3
What is the greatest common divisor of 8685 and 180?
45
What is the highest common factor of 228 and 2868?
12
What is the highest common factor of 368 and 16?
16
What is the greatest common factor of 10503 and 1945?
389
What is the highest common factor of 338 and 1742?
26
Calculate the highest common factor of 741 and 399.
57
What is the greatest common factor of 38 and 1273?
19
Calculate the greatest common factor of 6 and 273.
3
What is the greatest common divisor of 1239 and 767?
59
Calculate the highest common factor of 14 and 4.
2
What is the highest common factor of 32 and 416?
32
What is the greatest common divisor of 2392 and 2208?
184
Calculate the greatest common factor of 66 and 561.
33
What is the highest common divisor of 27 and 42?
3
What is the highest common factor of 60 and 13470?
30
What is the greatest common factor of 1140 and 75?
15
What is the highest common factor of 87 and 377?
29
What is the highest common divisor of 9225 and 246?
123
What is the highest common factor of 18 and 5913?
9
Calculate the greatest common factor of 224 and 28.
28
Calculate the highest common factor of 1826 and 498.
166
Calculate the highest common divisor of 3071 and 415.
83
Calculate the highest common divisor of 20 and 12.
4
What is the greatest common divisor of 340 and 20?
20
Calculate the highest common divisor of 60 and 135.
15
Calculate the greatest common factor of 318 and 3763.
53
Calculate the greatest common factor of 18 and 624.
6
What is the highest common divisor of 100 and 260?
20
What is the greatest common divisor of 63 and 7?
